6). What is the greatest common factor of s and 11?
1
Suppose -o - 5*p + 15 = -48, 114 = 2*o + 4*p. Let v = 87 - o. Suppose -4*c + 255 = c. What is the highest common divisor of v and c?
17
Suppose -2 - 2 = 2*x. Let q = 9 - 9. Let v be 1 + (q - (x - 19)). What is the greatest common divisor of 33 and v?
11
Let j be 170/6 + (-1)/3. Suppose 0 = -5*l + 232 + 118. Calculate the greatest common divisor of l and j.
14
Let t = 1 + 89. Calculate the highest common divisor of t and 9.
9
Let r = -261 + 371. What is the greatest common divisor of 20 and r?
10
Suppose -1296 = -3*v + 3*w, -5*w = -5*v - w + 2157. Suppose -407 = -4*l + v. Calculate the highest common divisor of l and 19.
19
Let d = 14 - -6. Calculate the highest common factor of 8 and d.
4
Let l be ((-16)/40)/((-1)/5). Let o be (l/2)/((-2)/(-138)). What is the greatest common factor of o and 23?
23
Let t be 12/18*30/4. Suppose 0 = -2*s + t*m + 39, -115 = -4*s + 4*m - 7. Calculate the highest common factor of s and 8.
8
Let v(t) = 12*t**2 - 5. Let b be v(4). Calculate the greatest common divisor of 17 and b.
17
Suppose -2*x - w + 1 - 3 = 0, -5*w + 20 = -5*x. Let y be 2/(0 - 1 - x). Calculate the highest common divisor of y and 3.
1
Suppose -2*z + 25 = -2*d + 5*d, 0 = 3*z + 3*d - 36. Calculate the highest common divisor of 33 and z.
11
Let d = 26 - 14. Let h = -42 - -102. What is the greatest common factor of d and h?
12
Let t be 3 + (-4)/(-6)*-3. Let p = t - 1. Let w be (p + -1)*44*-1. Calculate the highest common divisor of 11 and w.
11
Suppose 24 = 4*c + 4. Suppose -16 = -c*o + 9. Calculate the highest common divisor of o and 55.
5
Let l = 0 + 4. Suppose 0 = -4*v + 4*t + 188, 3*t = l*v - 0*v - 184. Suppose o = -5*r + v, 29 = 3*r - o - 0*o. What is the greatest common divisor of r and 27?
9
Let a = 19 - 15. What is the greatest common factor of a and 28?
4
Suppose g - 20 = 30. Suppose 0*c = 5*c - g. Let s = c - -7. What is the greatest common divisor of 136 and s?
17
Suppose -48 = -4*i - 8. Calculate the greatest common divisor of 10 and i.
10
Suppose 3*z + 2*z = -1535. Let w = -195 - z. What is the greatest common divisor of 14 and w?
14
Let m be (-35)/(-4) - (-24)/96. Calculate the greatest common divisor of 6 and m.
3
Suppose -3*g = -2*g + 2*r - 8, -3*g = 2*r - 36. What is the highest common divisor of g and 56?
14
Let s be (1 + 1)/2 + 12. Let b = 12 + s. Suppose -3*g = -b - 5. What is the greatest common divisor of g and 10?
10
Suppose 0 = 4*l - 4 - 28. Calculate the greatest common factor of 12 and l.
4
Let m be 2*3 - 40/10. Let d be m/(-8) + (-57)/(-4). Let j be (8/(-6))/(2/(-21)). Calculate the greatest common divisor of d and j.
14
Suppose -f = 5*k - 46, -4*k + 33 + 87 = 4*f. What is the greatest common divisor of 52 and f?
26
Suppose 0 = 3*n - 0*n - 9. Let b be ((-3)/n)/((-1)/19). Suppose 0*c + c = b. What is the greatest common factor of c and 171?
19
Let b be (-6 - -1)*48/(-15). Calculate the greatest common factor of b and 32.
16
Let y be (54/(-15))/((-3)/30). Suppose -2*i + 6*i - y = 0. What is the highest common divisor of 72 and i?
9
Suppose 2*v + 16 = 3*c - 36, 2*v - 56 = -3*c. Calculate the highest common divisor of 36 and c.
18
Let q be ((-22)/4)/((-2)/32). Suppose -b - 4 = -q. Suppose 2*s = -10, 46 = -2*p + 5*p - 2*s. What is the highest common divisor of p and b?
12
Let i(k) = -5*k**2 + k - 8. Let b(m) = -m**2 - 1. Let h(c) = 4*b(c) - i(c). Let n be h(3). What is the highest common divisor of 15 and n?
5
Let z be (-2)/(-2) + -3 + 113. Suppose -a - 3*s + z = 0, 2*a - 326 = -a - 2*s. Let m be (-11 + -1)/(-1) - 0. Calculate the greatest common factor of m and a.
12
Let w = -3 - -18. Suppose 4*s - 25 - w = 0. Let c = -68 + 70. Calculate the highest common factor of c and s.
2
Suppose -12*t + 14*t = 18. Calculate the highest common factor of 21 and t.
3
Let x be 11/(2*(-2)/(-12)). Let z be ((-54)/9 + 8)/((-2)/(-11)). Calculate the greatest common factor of x and z.
11
Let p(l) = l**2 + 6*l + 4. Let o be p(-7). What is the greatest common divisor of o and 99?
11
Let r = 158 + -128. Calculate the highest common divisor of r and 10.
10
Let z(l) = l**3 + 4*l**2 - 2*l + 3. Let q be z(-4). Calculate the highest common divisor of q and 1.
1
Let o = -6 - -1. Let u be (6 + o)/((-1)/(-2)). Let r be (-5 - u/(-1)) + 63. Calculate the greatest common factor of 12 and r.
12
Let l be 12/(-10)*(-40)/3. Let d = l + -4. Let x(j) = 9*j**2 - 1. Let n be x(1). What is the highest common factor of d and n?
4
Suppose 2*d + 4*k = -0*d - 136, k = -4. Let g be (28/(-5))/(4/d). What is the highest common divisor of 12 and g?
12
Let o = 50 - 38. Calculate the greatest common divisor of 30 and o.
6
Suppose -18*f + 5*f = -39. Calculate the greatest common divisor of f and 3.
3
Let g be (12/8)/((-2)/(-8)). Calculate the highest common factor of g and 30.
6
Suppose 5*g = 439 + 56. Calculate the greatest common divisor of 9 and g.
9
Suppose 0 = g - 6*g + 270. What is the highest common factor of 6 and g?
6
Let d = -10 + 21. Let l = 2 + d. What is the greatest common factor of 104 and l?
13
Let i(j) = -j**2 - 8*j + 8. Let q be i(-7). What is the greatest common factor of q and 6?
3
Let h(d) = d**2 - d + 4. Let x be h(3). Suppose 0 = -4*v + k + 6, 3*k - 6 - x = -5*v. Let t = 42 + -28. What is the greatest common divisor of v and t?
2
Let q be 16/(-6)*231/(-28). What is the greatest common factor of 11 and q?
11
Let a(i) = 2*i**2 + 10*i - 1. Let o be a(-7). What is the greatest common factor of o and 18?
9
Let r = -17 - -30. Suppose -l + 13 = -v - 3*l, 5*v + 5*l + 50 = 0. Let x = v + 20. Calculate the greatest common divisor of r and x.
13
Let g = -150 + 222. Calculate the highest common divisor of g and 48.
24
Suppose 3*c - 20 = 13. Calculate the highest common factor of 121 and c.
11
Suppose -2*m = 2*m - 48. Suppose -9*o = -4*o - 30. What is the greatest common factor of m and o?
6
Let d be 1/(-5) - 3604/(-20). Let g be d + (-6)/2 - -3. What is the greatest common divisor of g and 20?
20
Suppose 2 = -2*c + 3*c. Let j be 2/(((-8)/(-2))/c). Calculate the greatest common factor of j and 5.
1
Suppose 0 = 7*g - 76 - 113. Calculate the greatest common divisor of 18 and g.
9
Let y be 8/44 - ((-240)/11)/1. Calculate the greatest common divisor of 11 and y.
11
Let f(u) = -u + 1. Let x be f(-2). Suppose 0 = x*q - q - 16. Let j = -11 - -19. Calculate the highest common factor of j and q.
8
Let b = -35 + 47. What is the highest common factor of 54 and b?
6
Let k be (-1)/2 + 21/6. Suppose 5*c - 14 = 16. Calculate the highest common factor of k and c.
3
Let c be (-59 + -1 + -3)/(-1). Let r = -9 + 0. Let u be (-6)/r*(-42)/(-4). Calculate the greatest common factor of c and u.
7
Let f(q) = 8*q**2 - 3*q + 4. Let z be f(4). Let l be 3 - -9 - (-9)/3. What is the greatest common factor of l and z?
15
Let w(z) = -z**3 + 9*z**2 - 8*z + 7. Let m be w(6). Let p = m - 37. Calculate the highest common divisor of 12 and p.
6
Let i be (0 + -3)/(3/(-4)). Let l be (-22)/3*(-12)/i. Calculate the greatest common divisor of 88 and l.
22
Let j = 4 + -9. Let q(r) = r**2 - r - 6. Let y be q(j). Calculate the greatest common factor of y and 8.
8
Let g be (-4)/(-2) - (6 - 8). Suppose m - 5*r + 0*r = 0, g*m = 3*r + 51. What is the greatest common divisor of 3 and m?
3
Let b = -31 + 49. Let u = 32 - b. What is the highest common factor of u and 14?
14
Let c(v) = 2*v**2 + 2*v**2 - 3*v + 4 + v**2. Let r be c(4). Calculate the greatest common divisor of r and 9.
9
Suppose m + m - s = 251, 0 = -2*m + 3*s + 249. What is the greatest common factor of m and 14?
14
Let l be ((-80)/(-28))/(6/21) - 2. What is the highest common divisor of 56 and l?
8
Suppose -4*g + 35 = g - 5*i, 0 = 4*g - 3*i - 23. What is the greatest common divisor of 14 and g?
2
Suppose 4*w = -14 + 42. Let b(y) = -y**2 - 6*y - 1. Let m be b(-4). Calculate the highest common divisor of m and w.
7
Let j(i) = -i**3 + 0 + 13*i**2 + 3 - 6*i**2. Let u = -18 - -25. Let l be j(u). Calculate the greatest common factor of 27 and l.
3
Let q(f) = 2*f**2 + 4*f + 7. Let x be q(4). Let r be ((-2)/6)/((-2)/30). Calculate the highest common factor of x and r.
5
Let c = 217 + -129. Suppose -5*i + 47 = -8. What is the greatest common divisor of c and i?
11
Let q(v) = -3*v + 1. Let k be q(-4). Suppose 5*